 2*i - 3*p = 87. Let j = 31 - i. Is (-54 + -5)*(-6 - j) prime?
False
Let j be 1/3 + 8728/6. Let x = j + 80. Is x composite?
True
Suppose 3266 = 2*c - 2*b, 3*b - 4699 = -5*c + 3498. Is c a prime number?
True
Suppose 2*p - 16 = -2*p. Suppose p*t - 69 = 19. Suppose 4*b = -4*j + 216, -j - 3*b + 34 = -t. Is j prime?
True
Let k be (-4)/7 + (-90)/63. Is (-309)/(-4) + k/(-16)*-2 a composite number?
True
Suppose 0 = -0*a + 7*a + 12320. Is 1/(3*(a/(-1758) + -1)) a composite number?
False
Let g = 12964 - 6207. Is g a composite number?
True
Let t = -11 + 20. Suppose -t*p - 2292 = -13*p. Suppose p + 312 = 3*z. Is z prime?
False
Let n(y) = 305*y - 65. Let q be n(-9). Let u = q - -4467. Is u a prime number?
True
Is 138/483 - (-3 - 567834/21) prime?
True
Let h(j) = j + 3. Let n be h(-3). Is -1 + (6 - n) + 1926 composite?
False
Let z = -379 - -4556. Is z a composite number?
False
Let w be (2 - (5 - 21335)) + 3. Suppose -13*r = 4*r - w. Is r composite?
True
Let q be 7 - (-2)/((-6)/3). Let t(k) = k - 4. Let z be t(q). Suppose 5*v + 1360 = 5*m, 2*m + 3*v = -z*m + 1081. Is m a prime number?
True
Let v = -45 + 48. Suppose v*t = 4*t - 967. Is t composite?
False
Let g(m) = m**3 + 5*m**2 - 2*m - 6. Let t be g(-5). Suppose -759 = t*s + 3245. Let q = -532 - s. Is q a composite number?
True
Suppose -11*b + 12*b + r - 9640 = 0, -5*b + 2*r + 48207 = 0. Is b a prime number?
False
Let u be 20/16*16/(-4). Let d(l) = l**2 + 3*l - 7. Let r be d(u). Is 2/r*3972/8 prime?
True
Suppose 3*l - 93853 = -3*n + 7*n, -2*n = 8. Is l composite?
True
Suppose 25*j = 388222 - 54497. Is j prime?
False
Let z = -4204 - -8531. Is z composite?
False
Let v(g) = -g**2 + 93. Let k(t) = t + 3. Let j be k(-4). Let f be (j - -1)*(4 + -3). Is v(f) prime?
False
Is 2 + 4 + (-2387)/(-1) composite?
False
Let r(q) = 5*q - 25. Let l be r(5). Suppose l = -4*o - n + 271, 3*n = -2*n - 25. Is o a composite number?
True
Suppose 4 + 4 = 2*f. Suppose f*c + c - 890 = 0. Is c prime?
False
Let b(n) be the first derivative of -n**4/4 - 14*n**3/3 + 8*n**2 + 20*n + 7. Let s be b(-15). Suppose -s*h + 45 + 5 = 0. Is h prime?
False
Let a be 0/(3*5/15). Let r = a - -5. Suppose 61 = y - r*d, 2*d + 6 = 16. Is y a prime number?
False
Suppose 44144 = 7*f - 6039. Is f a composite number?
True
Suppose -23*q + 4*s = -27*q + 17492, q + 4*s = 4373. Is q a prime number?
True
Suppose l - 1 = -9. Is (-4)/l + (-5)/(20/(-1602)) composite?
False
Let o(q) = -433*q + 27. Let x be o(-20). Is (x/5 - 4) + (-2)/5 prime?
True
Let i be 137/(3 - (0 + 2)). Let a be (-8 + i)*(-142)/(-3). Is a/10 - (-8)/20 prime?
False
Suppose z + 4*y = 2, 2*z + 17 = -0*z - y. Let b = 19 - z. Let w = 44 - b. Is w a composite number?
True
Let u = 139 + -135. Suppose -u*o + 2439 = 5*q, 4 = -o - 0. Is q composite?
False
Let a(c) = c**3 + 6*c**2 - 9*c + 5. Let u = 38 - 45. Is a(u) a prime number?
True
Suppose 4*r - 12 - 29 = -5*m, -5*r + 4*m = 0. Suppose r*g - 1575 = 6221. Is g a prime number?
True
Let y = -125 - -444. Let s = y - 52. Is s composite?
True
Suppose 17*j = 375803 - 69106. Is j a prime number?
True
Suppose 10*a - 6633 = a. Is (4 + -5)/((-1)/a) a composite number?
True
Let w = -1250 - -1899. Is w composite?
True
Suppose 3*l = -3*x + 1437, -x + 0*l + l = -483. Is x a prime number?
False
Let z = -5 + 6. Let r be 35 + z/(4/(-8)). Suppose 2*j - r - 161 = 0. Is j prime?
True
Suppose -g + 5*a = -35 + 2, 0 = 2*g + 2*a - 18. Let y(u) = 2*u**2 - 13*u + 10. Is y(g) a composite number?
False
Let x(g) = -2*g - 6*g**2 + 16*g**2 - 5 - g**3 - 2. Let c be x(5). Let k = 23 + c. Is k composite?
False
Let h(g) = 8*g**2 + 36*g - 283. Is h(27) prime?
True
Let w(d) = d. Let i(x) = -x**2 + 7*x - 10. Let j(p) = -i(p) + 6*w(p). Let v be j(12). Suppose -2*c + 100 = -v. Is c a prime number?
False
Suppose 2*i = -2*i. Suppose -5*y + i = 4*j - 22, 0 = 5*y - 2*j - 4. Let k(o) = 5*o**3 - o**2 + 1. Is k(y) composite?
False
Let s = 5026 + -2307. Is s composite?
False
Suppose 0 = 2*l + 1 - 13. Suppose w - 704 = -b, 7*b = -4*w + l*b + 2807. Is w a prime number?
True
Let l = 11 - 7. Let k(q) = -q**2 + 6*q - 3. Let b be k(l). Suppose b*v - 139 - 319 = 3*z, 4*v + 4*z = 392. Is v prime?
False
Let b(x) = 15*x - 87*x + 33*x - 28. Is b(-15) a prime number?
True
Suppose -5*h + 2*x + 215179 = 0, -4*x + 169 = 157. Is h composite?
False
Let p(r) = 49*r**3 - 45*r**3 + r + r + 13 - 3*r. Is p(4) a prime number?
False
Suppose g = -g. Suppose 2 = -l - g. Is (-8 + 2)/(-4 - l) composite?
False
Let y be 26/7 - 4/(-14). Suppose 5*l - 1 = 14, y*k - 761 = l. Is k a prime number?
True
Let q be 30/(-24)*(-38 - -1*2). Suppose 0 = -4*y - q + 2001. Is y composite?
True
Suppose 2*z + 3*q - 133759 = 0, 16*z - 2*q - 334407 = 11*z. Is z a composite number?
True
Let b be (-1345 - -1) + (-9)/(-9). Let q = b + 2250. Is q composite?
False
Let o(n) = -6*n**3 - 6*n**2 - 7*n + 1. Let c(r) = 5*r**3 + 5*r**2 + 6*r - 2. Let w(y) = 4*c(y) + 3*o(y). Is w(6) composite?
True
Let h(q) = 47*q**2 - 37*q**2 + 2 + 5 + 3 + 6*q. Is h(4) a prime number?
False
Suppose -4*a - 1526 = -2*b, 4*b - 892 = a + 2181. Is b prime?
True
Let g = -4244 - -8073. Is g a composite number?
True
Let x(v) be the third derivative of v**6/120 + 3*v**5/40 + v**4/24 - v**3/3 + 4*v**2. Let c(g) be the first derivative of x(g). Is c(-10) prime?
True
Suppose -5*g + 4*n = -21407 - 23038, 4*g - 2*n = 35550. Is g a prime number?
False
Let n = 12 - 5. Let q(m) = 21*m**2 + 3*m + 11. Is q(n) prime?
True
Suppose -6 = -3*x, -4*d + 3*x + 1 + 1 = 0. Suppose 11 - 3 = d*u. Suppose -262 = -u*f + 2*f. Is f a composite number?
False
Suppose 5*u - 2*k - 1950 = 0, -u + 0*k + 390 = -2*k. Suppose -j + 4*g = -2*j + 219, 3*j = g + 644. Suppose -u = -5*f + j. Is f a composite number?
True
Let v = -1375 + 967. Let j = -185 - v. Is j a composite number?
False
Let x(g) be the first derivative of g**4/4 - 4*g**3/3 + 3*g**2 - 4*g + 6. Let v be x(6). Suppose 4*s = 36 + v. Is s prime?
False
Is (2/(-8))/((-7)/116284) prime?
True
Is -3*(-45219)/63 + 6/(-21) prime?
True
Let b(m) = m**3 - 3*m**2 - 3. Let f be b(3). Is 470 + (f - -2) + 0 composite?
True
Let z = 368 - 626. Let f = 361 + z. Is f composite?
False
Let v(u) = -u - 3. Let a be v(-5). Suppose 3*f - 2 = -a*l, 2*l - 2*f - 8 = l. Suppose l*s - 87 + 11 = 0. Is s prime?
True
Let n(a) = a**3 + 4*a**2 + 3*a - 1. Let p be n(-3). Is ((-3377)/(-44))/(p/(-4)) prime?
True
Let h = 31472 - 17725. Is h prime?
False
Suppose -4*x - 308 = 3*l, 3*x + 3*l = 2*l - 231. Is -9665*(-3)/21 + (-22)/x prime?
True
Suppose -8*m + 3*m + 4*b = -11880, 4*m - 4*b - 9500 = 0. Suppose -533 = s - m. Is s prime?
True
Let d = 83 - 138. Let a = d + 182. Is a a composite number?
False
Let u(k) be the third derivative of -k**5/60 - 5*k**4/24 + k**3/3 + k**2. Let o be u(-5). Suppose -2*z = -0*f + o*f - 566, 3*f - 4*z - 877 = 0. Is f composite?
True
Is (-6)/(-2)*(-29732)/12*-1 a prime number?
True
Suppose -54*p = -72*p + 16290. Is p composite?
True
Let v = -1098 - -5041. Is v a composite number?
False
Suppose 0*z - 2*z = 10, -z = 3*u - 418. Suppose u + 114 = 3*b. Is b a composite number?
True
Let a(v) = -2*v**2 - 11*v - 14. Let c be a(-6). Let g be c/(-1)*2/2. Suppose -4*p + 168 = g. Is p prime?
True
Let u = 6853 - 2306. Is u composite?
False
Let r(m) = -382*m + 421. Is r(-21) prime?
True
Let y be (-2950)/(-6) - (-12)/36. Suppose -y = 6*i - 2310. Is i a prime number?
False
Let g(d) = -5*d**2 - 4*d - 23. Let n(b) = 3*b**2 + 3*b + 15. Let o(a) = -5*g(a) - 8*n(a). Let r be o(4). Let y(u) = -u**3 - 4*u**2 - 4*u + 1. Is y(r) prime?
False
Suppose 0 = -3*w - 3*m - 477 - 798, -4*w - 1714 = -3*m. Let i = 272 - w. Is i a prime number?
False
Let b(i) = -2 + 7*i**2 - 3 + 3*i + 0. Let p(f) = -5*f - 25. Let n be p(-6). Is b(n) prime?
False
Suppose 4*c - 3*i - 8 = 0, c + 3 + 4 = 3*i. Suppose 2 = -c*s + w + 19, 4*s + 3*w - 25 = 0. Is s/(-6) - (-563)/3 composite?
True
Suppose -2*k = 2*l - 2, 5 = -k + 5*l + 30. Let i = k - 3. Suppose 0*f + 182 = 2*f - 5*d, -i*f + 182 = -d. Is f composite?
True
Let b(l) be the third derivative of l**6/120 - 7*l**5/120 - l**4/24 - l**3/2 + 5*l**2. Let i(x) be the first derivative of b(x). Is i(7) a prime number?
True
Suppose 29*i - 37*i + 44456 = 0. Is i a composite number?
False
Let t(g) = -7*g + 1. Let u(b) = -9*b - 18. Let d(o) = 13*o + 27. Let a(v) = 5*d(v) + 7*u(v). L